6?
True
Is 1825683763 a multiple of 5151?
False
Does 133 divide 8043308?
True
Is 127803372 a multiple of 2946?
True
Does 172 divide 1351060?
True
Is 7 a factor of 25806151?
True
Does 463 divide 3055268939?
True
Does 337 divide 248992787?
True
Is 113801097 a multiple of 1135?
False
Does 14 divide 43701420?
True
Is 747569658 a multiple of 19?
False
Does 26 divide 1766137672?
True
Is 17663790 a multiple of 543?
True
Is 180 a factor of 29461906?
False
Is 37471250 a multiple of 50?
True
Does 6 divide 2348421060?
True
Is 3708797589 a multiple of 63?
True
Is 138581280 a multiple of 8160?
True
Is 41015892 a multiple of 2481?
True
Is 1330657297 a multiple of 44?
False
Is 328324671 a multiple of 40?
False
Does 57 divide 14654279?
False
Does 95 divide 61949904?
False
Is 206 a factor of 47777786?
True
Is 1580 a factor of 337337900?
True
Does 177 divide 56535747?
True
Does 8 divide 60228597?
False
Does 2505 divide 31095940?
False
Does 8 divide 14808582?
False
Is 43454266 a multiple of 332?
False
Is 2397 a factor of 23807498?
False
Does 46 divide 7872086?
False
Does 1526 divide 96792654?
True
Is 35274664 a multiple of 18?
False
Is 6984310 a multiple of 627?
False
Is 25404552 a multiple of 20?
False
Does 205 divide 587012785?
True
Is 1322 a factor of 1238047501?
False
Does 3841 divide 71423395?
True
Does 70 divide 193075680?
True
Does 8 divide 18426268?
False
Is 49406414 a multiple of 1388?
False
Does 490 divide 142935450?
True
Is 1559606 a multiple of 1207?
False
Does 18 divide 36413766?
True
Is 55401071 a multiple of 11?
True
Is 198 a factor of 275219199?
False
Is 693 a factor of 85842264?
False
Is 92267743 a multiple of 57?
False
Is 151434649 a multiple of 121?
False
Is 5 a factor of 1351115?
True
Is 64288141 a multiple of 3?
False
Does 29 divide 5107900322?
False
Is 541409190 a multiple of 1610?
True
Does 3 divide 2362368?
True
Does 57 divide 164349200?
False
Is 179 a factor of 16402128?
True
Is 324 a factor of 65178250?
False
Does 1374 divide 220457930?
False
Is 224807975 a multiple of 12?
False
Is 29009948 a multiple of 5125?
False
Does 6 divide 49151784?
True
Is 46592109 a multiple of 3028?
False
Is 334472295 a multiple of 4?
False
Does 263 divide 106413219?
True
Is 366346191 a multiple of 286?
False
Is 1343246017 a multiple of 3577?
False
Does 2318 divide 449488016?
True
Does 23 divide 250855963?
True
Is 2292414 a multiple of 246?
False
Is 125427440 a multiple of 40?
True
Does 7 divide 15930516?
True
Is 47 a factor of 52000048?
True
Does 22 divide 708801734?
False
Does 16 divide 459397758?
False
Does 604 divide 103280980?
True
Does 9 divide 92733291?
True
Does 31 divide 9302387?
True
Does 3677 divide 78836867?
False
Does 5 divide 7801325?
True
Is 32 a factor of 200650432?
True
Is 48278559 a multiple of 21?
True
Is 35 a factor of 52548621?
False
Does 173 divide 3990418?
True
Is 95992256 a multiple of 337?
False
Is 7929854 a multiple of 477?
False
Does 936 divide 33200066?
False
Is 929304357 a multiple of 215?
False
Is 319662918 a multiple of 446?
True
Is 70 a factor of 398866128?
False
Does 25 divide 26644443?
False
Is 31 a factor of 443768162?
True
Is 12084268 a multiple of 5?
False
Does 2089 divide 115484098?
True
Does 24 divide 17969648?
False
Is 52 a factor of 780069?
False
Does 1326 divide 537376072?
False
Is 152220015 a multiple of 45?
True
Is 4868681504 a multiple of 82?
False
Is 236622210 a multiple of 163?
True
Does 757 divide 1155920697?
False
Is 297087516 a multiple of 473?
True
Is 499930853 a multiple of 270?
False
Is 325 a factor of 1201925435?
False
Is 19 a factor of 17501603?
True
Is 24684414 a multiple of 130?
False
Is 24182662 a multiple of 6?
False
Is 921 a factor of 5800330902?
True
Is 746548 a multiple of 1808?
False
Does 16 divide 401671088?
True
Is 14 a factor of 46157188?
True
Is 328 a factor of 1962592264?
True
Does 406 divide 83863360?
True
Is 259 a factor of 15474126?
False
Is 219164127 a multiple of 91?
True
Is 772 a factor of 113026976?
True
Is 811 a factor of 36905366?
True
Is 23150673 a multiple of 1449?
True
Is 424 a factor of 194644832?
True
Is 22998690 a multiple of 2574?
True
Is 22 a factor of 43218900?
False
Is 28681792 a multiple of 2?
True
Is 433671817 a multiple of 395?
False
Is 462700944 a multiple of 47?
False
Does 565 divide 2851335421?
False
Is 3560461 a multiple of 14?
False
Is 1601562 a multiple of 12?
False
Does 226 divide 117252868?
True
Is 2463 a factor of 737178271?
False
Is 1597356904 a multiple of 88?
True
Is 27571475 a multiple of 23?
False
Is 827 a factor of 170789559?
True
Is 840482550 a multiple of 17?
True
Is 64060638 a multiple of 42?
False
Is 123575822 a multiple of 966?
False
Is 45 a factor of 923968170?
True
Is 7460976804 a multiple of 618?
True
Is 4 a factor of 503982380?
True
Is 608933535 a multiple of 147?
True
Is 648161865 a multiple of 585?
True
Does 4008 divide 26096088?
True
Does 141 divide 32968620?
True
Does 31 divide 17697920?
False
Does 296 divide 80654968?
True
Does 237 divide 53201049?
True
Is 1100107037 a multiple of 2527?
False
Does 208 divide 15575456?
True
Does 1346 divide 79860182?
False
Does 214 divide 2683435?
False
Is 684972 a multiple of 12?
True
Does 3 divide 257995?
False
Is 204 a factor of 17314863?
False
Does 240 divide 14665453?
False
Is 2557146 a multiple of 3?
True
Is 316815959 a multiple of 54?
False
Does 63 divide 207697329?
True
Does 192 divide 74906914?
False
Is 10483096 a multiple of 8?
True
Is 81022237 a multiple of 834?
False
Is 2005281 a multiple of 291?
True
Is 17 a factor of 342533818?
False
Does 958 divide 422126414?
True
Is 439 a factor of 11738305?
False
Is 303 a factor of 1396433979?
True
Is 70 a factor of 190007720?
True
Is 876 a factor of 13385174?
False
Is 407 a factor of 2226697?
True
Is 2213 a factor of 86601329?
True
Is 1411767933 a multiple of 59?
False
Does 13 divide 424209200?
False
Does 5058 divide 2777557915?
False
Does 165 divide 56017948?
False
Is 14688450 a multiple of 15?
True
Does 4014 divide 209146233?
False
Does 12 divide 28668552?
True
Does 45 divide 6962086890?
True
Is 17017375 a multiple of 25?
True
Is 3222 a factor of 26558946?
True
Does 6 divide 51063588?
True
Is 1260 a factor of 298289880?
True
Is 6989 a factor of 321756583?
False
Is 48 a factor of 49332720?
True
Is 11795265 a multiple of 12?
False
Is 56496706 a multiple of 14?
True
Does 21 divide 16565418?
False
Is 247101736 a multiple of 2492?
True
Is 28 a factor of 413081487?
False
Does 30 divide 4990721?
False
Is 139133896 a multiple of 443?
True
Is 10866190 a multiple of 10?
True
Is 98165344 a multiple of 17?
True
Does 1140 divide 29071377?
False
Is 1841 a factor of 1263239780?
False
Does 32 divide 68586108?
False
Is 4473 a factor of 2178028944?
True
Does 1083 divide 3438102?
False
Is 48 a factor of 229509024?
True
Is 5 a factor of 3860860?
True
Does 906 divide 72549804?
False
Is 158 a factor of 52867397?
False
Does 1319 divide 1863831241?
False
Does 101 divide 18583348?
False
Is 443734460 a multiple of 28?
False
Is 618654288 a multiple of 168?
True
Is 346035448 a multiple of 8?
True
Is 30 a factor of 30234960?
True
Is 441126400 a multiple of 11?
True
Does 4 divide 34644056?
True
Is 114 a factor of 16414518?
True
Is 215 a factor of 25799859?
False
Is 206 a factor of 699059940?
False
Does 19 divide 265853186?
False
Does 195 divide 975837060?
False
Is 43175400 a multiple of 12?
True
Does 3499 divide 146807543?
True
Is 2652466672 a multiple of 181?
True
Does 40 divide 33639345?
False
Does 272 divide 3264644912?
True
Is 18 a factor of 9826494?
False
Is 17106700 a multiple of 369?
False
Is 71987375 a multiple of 295?
True
Is 197001234 a multiple of 522?
True
Does 579 divide 455710056?
True
Is 24 a factor of 29951136?
True
Does 938 divide 98764834?
True
Is 103 a factor of 635587515?
False
Does 189 divide 20911878?
False
Is 279 a factor of 667089?
True
Is 814 a factor of 775091160?
False
Does 286 divide 2279674706?
False
Does 2 divide 44483739?
False
Is 79399824 a multiple of 1072?
True
Does 8 divide 19625785?
False
Is 450895284 a multiple of 1153?
False
Does 1354 divide 137451757?
False
Does 69 divide 1279258267?
False
Is 6 a factor of 67389618?
True
Is 353 a factor of 71085022?
True
Is 3916438 a multiple of 317?
False
Is 16472511 a multiple of 297?
True
Is 1405 a factor of